{"id":226,"date":"2018-06-06T18:52:26","date_gmt":"2018-06-06T18:52:26","guid":{"rendered":"http:\/\/docsnyderphoto.com\/?page_id=226"},"modified":"2022-12-26T00:15:57","modified_gmt":"2022-12-26T00:15:57","slug":"about","status":"publish","type":"page","link":"https:\/\/docsnyderphoto.com\/?page_id=226","title":{"rendered":"Contact"},"content":{"rendered":"\t\t<div data-elementor-type=\"wp-page\" data-elementor-id=\"226\" class=\"elementor elementor-226\">\n\t\t\t\t\t\t<div class=\"elementor-inner\">\n\t\t\t\t<div class=\"elementor-section-wrap\">\n\t\t\t\t\t\t\t\t\t<section class=\"elementor-section elementor-top-section elementor-element elementor-element-1a5fd073 elementor-section-boxed elementor-section-height-default elementor-section-height-default\" data-id=\"1a5fd073\" data-element_type=\"section\">\n\t\t\t\t\t\t<div class=\"elementor-container elementor-column-gap-default\">\n\t\t\t\t\t\t\t<div class=\"elementor-row\">\n\t\t\t\t\t<div class=\"elementor-column elementor-col-100 elementor-top-column elementor-element elementor-element-5ef3100c\" data-id=\"5ef3100c\" data-element_type=\"column\">\n\t\t\t<div class=\"elementor-column-wrap elementor-element-populated\">\n\t\t\t\t\t\t\t<div class=\"elementor-widget-wrap\">\n\t\t\t\t\t\t<div class=\"elementor-element elementor-element-75b0eff4 elementor-widget elementor-widget-text-editor\" data-id=\"75b0eff4\" data-element_type=\"widget\" data-widget_type=\"text-editor.default\">\n\t\t\t\t<div class=\"elementor-widget-container\">\n\t\t\t\t\t\t\t\t<div class=\"elementor-text-editor elementor-clearfix\">\n\t\t\t\t<p style=\"text-align: center;\"><strong><img loading=\"lazy\" class=\"alignnone wp-image-872 size-large\" src=\"https:\/\/docsnyderphoto.com\/wp-content\/uploads\/2022\/07\/Icke-1-1024x683.jpg\" alt=\"\" width=\"560\" height=\"374\" srcset=\"https:\/\/docsnyderphoto.com\/wp-content\/uploads\/2022\/07\/Icke-1-1024x683.jpg 1024w, https:\/\/docsnyderphoto.com\/wp-content\/uploads\/2022\/07\/Icke-1-300x200.jpg 300w, https:\/\/docsnyderphoto.com\/wp-content\/uploads\/2022\/07\/Icke-1-768x512.jpg 768w, https:\/\/docsnyderphoto.com\/wp-content\/uploads\/2022\/07\/Icke-1-1536x1024.jpg 1536w, https:\/\/docsnyderphoto.com\/wp-content\/uploads\/2022\/07\/Icke-1-2048x1365.jpg 2048w, https:\/\/docsnyderphoto.com\/wp-content\/uploads\/2022\/07\/Icke-1-1200x800.jpg 1200w, https:\/\/docsnyderphoto.com\/wp-content\/uploads\/2022\/07\/Icke-1-1860x1240.jpg 1860w\" sizes=\"(max-width: 560px) 100vw, 560px\" \/><\/strong><\/p>\n<p style=\"text-align: center;\"><strong><br>Art, freedom and creativity will change society faster than politics.<br><\/strong><strong>-Victor Pinchuk-<\/strong><span style=\"font-size: inherit; text-align: inherit; font-family: var( --e-global-typography-text-font-family ), Sans-serif;\">Mit diesen Worten, die meine Einstellung ganz gut beschreiben, m\u00f6chte ich mich gerne vorstellen! Hi, mein Name ist Patrick. Ich bin ein Fotograf halb in Wien, halb in Berchtesgaden zu Hause.<\/span><\/p><div class=\"\">\n<p><span class=\"\" style=\"font-family: Helvetica Neue;\">Mit Musik im Ohr in einem B\u00fchnengraben f\u00fchle ich mich genauso wohl wie bei einem <\/span><span class=\"\">ruhigen<\/span><span class=\"\" style=\"font-family: Helvetica Neue;\"> Babyshooting, oder einem Paar-Shooting <\/span><span class=\"\"><span class=\"\" style=\"font-family: Helvetica Neue;\">\u00a0<\/span><\/span><span class=\"\" style=\"font-family: Helvetica Neue;\">in der Natur. Auch auf Hochzeiten treibe ich mich immer wieder herum.<\/span><span class=\"\">\u00a0\u00a0<\/span><span class=\"\" style=\"font-family: Helvetica Neue;\">Angefangen mit der Fotografie habe ich 2014,<\/span><span class=\"\" style=\"font-family: Helvetica Neue;\">\u00a0als ich meine erste \u201eechte\u201c Kamera gekauft habe. Wie es der Zufall wollte, fr<\/span><u class=\"\">ag<span class=\"\">t<\/span><\/u><span class=\"\" style=\"font-family: Helvetica Neue;\">e mich einige Wochen drauf eine Freundin, ob ich nicht bei einem Konzert in dem Club,<\/span><span class=\"\" style=\"font-family: Helvetica Neue;\">\u00a0in dem sie arbeitet,<\/span><span class=\"\" style=\"font-family: Helvetica Neue;\">\u00a0Fotos machen m\u00f6chte \u2013 da habe ich nat\u00fcrlich nicht zweimal \u00fcberlegt. Dass ich ein paar Jahre sp\u00e4ter Gr\u00f6\u00dfen wie die Rolling Stones, KISS oder Elton John vor meiner Linse haben w\u00fcrde, h\u00e4tte ich mich damals nichtmal tr\u00e4umen getraut. Wie das Leben aber so spielt ist die Konzertfotografie einige hundert Konzerte sp\u00e4ter<\/span><span class=\"\" style=\"font-family: Helvetica Neue;\">\u00a0nicht mehr aus meinem Leben weg<\/span><span class=\"\">zu<\/span><span class=\"\" style=\"font-family: Helvetica Neue;\">denken. Musik war schon immer etwas sehr essentielles f\u00fcr mich.<\/span><span class=\"\" style=\"font-family: Helvetica Neue;\">\u00a0<\/span><span class=\"\">M<\/span><span class=\"\" style=\"font-family: Helvetica Neue;\">it der Fotografie auf Konzerten kombiniere ich also <\/span><span class=\"\">zwei<\/span><span class=\"\" style=\"font-family: Helvetica Neue;\"> Leidenschaften,<i class=\"\"> <\/i><\/span><span class=\"\" style=\"font-family: Helvetica Neue;\">f\u00fcr die mein Herz schl\u00e4gt.<\/span><span class=\"\"> <span class=\"\" style=\"font-family: Helvetica Neue;\">\u00a0<\/span><\/span><\/p>\n<p><span class=\"\" style=\"font-family: Helvetica Neue;\">Mit der Zeit und nat\u00fcrlich auch mit meinem K\u00f6nnen, das<\/span><span class=\"\" style=\"font-family: Helvetica Neue;\">\u00a0ich immer weiter ausgebaut habe, habe ich festgestellt, dass ich auch <\/span><span class=\"\">a<\/span><span class=\"\" style=\"font-family: Helvetica Neue;\">bseits von verschwitzten Konzerthallen gerne sch\u00f6ne Momente mit der Kamera einfange. Die Magie des Augenblicks zwischen verliebten Menschen auf einer Hochzeit,<\/span><span class=\"\" style=\"font-family: Helvetica Neue;\">\u00a0<span class=\"\">eine<\/span> Berglandschaft im Nebel,<span class=\"\"> frisch gebackene Eltern, die ihrem Baby <\/span>die Welt zeigen \u2013 das alles sind wertvolle Sekunden,\u00a0die unser Leben ausmachen und auf die wir in der Zukunft gerne zur\u00fcckblicken m\u00f6chten. Wenn ihr euch nat\u00fcrliche Fotos von euren Lieblingsmomenten w\u00fcnscht, seid ihr bei mir an der richtigen Adresse!\u00a0<\/span><\/p>\n<\/div>\n<div class=\"\">\u00a0<\/div>\n<div>Ich freue mich drauf!<\/div>\n<div>\u00a0<\/div>\n<p style=\"text-align: center;\">\u00a0Mail: <a href=\"mailto:patrick@docsnyderphoto.com\">patrick@docsnyderphoto.com<\/a><\/p>\n<p style=\"text-align: center;\">\u00a0Instagram:<\/p>\n<p style=\"text-align: center;\">[jr_instagram id=\u201c1\u2033]<\/p>\n<p style=\"text-align: center;\">\n<\/p>\t\t\t\t\t<\/div>\n\t\t\t\t\t\t<\/div>\n\t\t\t\t<\/div>\n\t\t\t\t\t\t<\/div>\n\t\t\t\t\t<\/div>\n\t\t<\/div>\n\t\t\t\t\t\t\t\t<\/div>\n\t\t\t\t\t<\/div>\n\t\t<\/section>\n\t\t\t\t\t\t\t\t\t<\/div>\n\t\t\t<\/div>\n\t\t\t\t\t<\/div>\n\t\t","protected":false},"excerpt":{"rendered":"<p>Art, freedom and creativity will change society faster than politics.-Victor Pinchuk-Mit diesen Worten, die meine Einstellung ganz gut beschreiben, m\u00f6chte ich mich gerne vorstellen! Hi, mein Name ist Patrick. Ich bin ein Fotograf halb in Wien, halb in Berchtesgaden zu Hause. Mit Musik im Ohr in einem B\u00fchnengraben f\u00fchle ich mich genauso wohl wie bei [&hellip;]<\/p>\n","protected":false},"author":1,"featured_media":0,"parent":0,"menu_order":2,"comment_status":"closed","ping_status":"closed","template":"","meta":[],"_links":{"self":[{"href":"https:\/\/docsnyderphoto.com\/index.php?rest_route=\/wp\/v2\/pages\/226"}],"collection":[{"href":"https:\/\/docsnyderphoto.com\/index.php?rest_route=\/wp\/v2\/pages"}],"about":[{"href":"https:\/\/docsnyderphoto.com\/index.php?rest_route=\/wp\/v2\/types\/page"}],"author":[{"embeddable":true,"href":"https:\/\/docsnyderphoto.com\/index.php?rest_route=\/wp\/v2\/users\/1"}],"replies":[{"embeddable":true,"href":"https:\/\/docsnyderphoto.com\/index.php?rest_route=%2Fwp%2Fv2%2Fcomments&post=226"}],"version-history":[{"count":56,"href":"https:\/\/docsnyderphoto.com\/index.php?rest_route=\/wp\/v2\/pages\/226\/revisions"}],"predecessor-version":[{"id":891,"href":"https:\/\/docsnyderphoto.com\/index.php?rest_route=\/wp\/v2\/pages\/226\/revisions\/891"}],"wp:attachment":[{"href":"https:\/\/docsnyderphoto.com\/index.php?rest_route=%2Fwp%2Fv2%2Fmedia&parent=226"}],"curies":[{"name":"wp","href":"https:\/\/api.w.org\/{rel}","templated":true}]}}